5
List the prime factors of ((-2)/(-3))/(37 - 29368248/793737).
2, 43, 293
Let n(m) = 3273*m**2 + 84*m + 144. List the prime factors of n(-4).
2, 3, 1087
Let m be 15/(-6)*(-8)/10. Suppose 3*o = m*o. Let g = 2 + o. What are the prime factors of g?
2
Let i be ((-2)/10 - 0) + 26520/100. Suppose 5*v + 30 = 4*d, 0*v + 31 = 5*d - 3*v. Suppose -d*x + 1200 - i = 0. List the prime factors of x.
11, 17
List the prime factors of ((-490965)/(-150))/((-1)/(-2)) - 7/35.
2, 3, 1091
Suppose -32 = -3*v - 11. Suppose -x - 132 = -4*a, 0 = v*a - 11*a - 2*x + 120. List the prime factors of a.
2
Suppose 6*s = -l + 9*s - 142, 4 = 4*s. Let d = -65 - l. What are the prime factors of d?
2, 37
Let i(y) = 2106*y + 1817. List the prime factors of i(10).
22877
Let u(r) = 1021*r + 2384. What are the prime factors of u(22)?
2, 3, 41, 101
Suppose 0 = 128*s - 132*s - 2692. Let p = -325 - s. What are the prime factors of p?
2, 3, 29
Let h be (9 + 92/(-12))*3. Let x(g) be the first derivative of g**4/4 - g**3/3 - 9*g**2/2 + g - 1. What are the prime factors of x(h)?
13
Let g(x) = 60*x**2 - 7*x + 25. Let c be g(-5). Suppose 0 = -0*q - 5*q + c. What are the prime factors of q?
2, 3, 13
Suppose 2*q - 77680 = -3*q + 158540. List the prime factors of q.
2, 3, 31, 127
Let d = -192 - -186. Let o(s) = s**3 + 7*s**2 - s + 1. List the prime factors of o(d).
43
Let h be -2 + ((-5)/(-10))/(3/(-108)). Let k be (38/(-8))/((-2)/40). What are the prime factors of (k/h)/(-2 + 261/132)?
11, 19
Let h = 8404 - 4092. List the prime factors of h.
2, 7, 11
Suppose 467*u - 2880471 = 276*u. What are the prime factors of u?
3, 11, 457
Let q = 3986 - 2060. List the prime factors of q.
2, 3, 107
Let t = 224 - -486. Let k = -286 + t. Suppose k = 5*x + 4*p, x = -3*x - 4*p + 336. List the prime factors of x.
2, 11
Suppose 0 = 115589*x - 115578*x - 481745. List the prime factors of x.
5, 19, 461
Let z(l) be the first derivative of -13*l**2 - 49*l - 35. List the prime factors of z(-17).
3, 131
Let s = -79 - -21. Let l = s - -136. Let w = l + -37. What are the prime factors of w?
41
Let a = 217948 - 128010. What are the prime factors of a?
2, 193, 233
Let p(d) = -d**2 - 9*d - 17. Let y be p(-4). Suppose 5*i + 3051 = 4*u, i = y*u - 4*i - 2287. List the prime factors of u/(-8)*10/(-5).
191
Let j = -39874 - -63274. What are the prime factors of j?
2, 3, 5, 13
What are the prime factors of ((-3570)/(-21)*(-7 + 5))/((-3)/615)?
2, 5, 17, 41
Suppose -2*x - 5*s = 20, -5*x + s - 17 = 6. Let r(j) = -9*j + 22. List the prime factors of r(x).
67
Let n(d) = d**3 + 10*d**2 - 21*d + 16. Suppose -z - 2*q = 9, 8*q - 9*q + 1 = 0. What are the prime factors of n(z)?
2, 3, 7
Suppose 3*g - 3 = 0, -46*g - 123459 = -4*u - 45*g. What are the prime factors of u?
5, 6173
Let g = -9037 + 12936. List the prime factors of g.
7, 557
Let c = 42120 + -5527. List the prime factors of c.
23, 37, 43
Let y = -361 - -217. Let s be (-77)/(-2)*y/(-42). What are the prime factors of (279/5)/(-3 - s/(-40))?
2, 3, 31
Suppose 3*l + 5*l = -6*l. What are the prime factors of (-2792)/(-6) + (-10)/30 + l?
3, 5, 31
What are the prime factors of 22/66 - 2504048/(-48)?
2, 6521
Suppose 4*q + 101 = 769. Let z = -92 + 174. Let c = q - z. List the prime factors of c.
5, 17
Let m = 50904 + -29195. What are the prime factors of m?
17, 1277
Let b be (324/12)/(-3) + 9. Let i be (47/(-2))/((-4)/8). Suppose b = 3*y - 4*y + i. List the prime factors of y.
47
Suppose -3*z = 4*m - 5, 2*m = 2*z - 5*z + 1. Suppose 2*w + 8 = m. What are the prime factors of 6/(w/((-300)/8))?
3, 5
Let b = 34486 + -20412. What are the prime factors of b?
2, 31, 227
Let a = -4991 + 11083. What are the prime factors of a?
2, 1523
Let l = 32 - 32. Let b be l/(15/9 - 1/(-3)). Let p(q) = -q**3 + q**2 + 65. List the prime factors of p(b).
5, 13
Suppose -10*s + 142932 = 9*s - 209176. List the prime factors of s.
2, 41, 113
List the prime factors of (-1742)/2613 - (0 - (202150/(-3))/(-2)).
7, 4813
Suppose -f = -0*m - m + 8, -m = -5*f + 8. What are the prime factors of 1858/m - ((-294)/36 - -8)?
5, 31
Let k(a) be the second derivative of -5*a**4/12 + a**3/3 + 29*a**2/2 - 5*a. Let r be k(6). What are the prime factors of (0 - 3)/(-1 - r/142)?
2, 71
Suppose 2*f + 3*f = -20. Let s be (4 - 27/3)*(0 + f). What are the prime factors of (-8)/s + (-814)/(-10)?
3
Let p(v) = 205*v + 418. Let z be p(11). Suppose 0 = -4*w - 2*r - 1332 + 4896, 3*w - z = -3*r. What are the prime factors of w?
3, 11
Let d be 1244/(-28) - (-5)/35*3. List the prime factors of -3 + d/6*(-333)/6.
2, 101
Let y(v) = v**3 - 14*v**2 - 2*v + 30. Let n be y(14). Suppose r = c - 0*r - 10, 2*r = -n*c. Suppose c*d = 11*d - 660. What are the prime factors of d?
2, 5, 11
Let m(b) = 15 + 2*b**2 - 15 - b**2 + b. Let n be m(-1). Suppose w + 4*y - 52 = 26, -3*w - 4*y + 194 = n. List the prime factors of w.
2, 29
Let i be 7 - (-3508)/(-12)*-6. Let x = i - 1027. List the prime factors of x.
2, 367
Let g(r) = 3*r**2 - 82*r - 998. List the prime factors of g(133).
3, 13721
Suppose -26*u = -17*u + 180. Suppose 4*z = 5*f - 1382, -2*z + 7 = 3. Let v = f + u. List the prime factors of v.
2, 3, 43
List the prime factors of (10 - 11)/((-17)/16660).
2, 5, 7
Suppose -103360 = -22*q + 366494. What are the prime factors of q?
3, 7, 113
Suppose -2*s + 14509 = 5*l, -s - 22*l = -19*l - 7255. What are the prime factors of s?
2, 7, 37
Suppose -3*p - 4*r = -4*p + 2004, 0 = 5*p + 2*r - 10020. List the prime factors of p.
2, 3, 167
Let u = -35270 + 71546. What are the prime factors of u?
2, 3, 3023
Let q be (-72)/4*(-2 + (-5)/(-3)). Let z be ((-4836)/9)/(-2) + 2/q. Suppose z - 49 = 5*f. List the prime factors of f.
2, 11
Let f be (-3)/5 + 1860/100. Suppose f*k - 2510 - 8416 = 0. List the prime factors of k.
607
Let k be (-308 - 2)*(-272)/40. Suppose -k*u + 2114*u = 3408. What are the prime factors of u?
2, 71
Suppose 2*y = -2*j + 262, 2*j - 5*y - 119 = j. Let t = -41 + j. Suppose 192 + t = 4*i. List the prime factors of i.
2, 5, 7
Let z = 8706 + -6390. List the prime factors of z.
2, 3, 193
Suppose -4*v + 263*p + 97836 = 259*p, -122292 = -5*v + 4*p. List the prime factors of v.
2, 3, 1019
Let f(r) = -r. Let n(h) = 53. Let k(s) = 4*f(s) - n(s). Let p be k(-17). Let j = 208 + p. What are the prime factors of j?
223
Let u(n) = -n**3 + n**2 - 3*n - 3. Let o(y) = -2*y**3 + y**2 - 7*y - 3. Let w(f) = 3*o(f) - 7*u(f). Let z = 7 - 2. List the prime factors of w(z).
37
Let b be -2 + 1 - (-1 - (-6 - -4)). Let a be (2/4)/((-3)/9)*b. Suppose -a*v + 4*o - 3*o + 128 = 0, 0 = 2*v + 4*o - 62. What are the prime factors of v?
41
Suppose 146 = -8*y + 466. Let v = -38 + y. Suppose -2*j = -j, -v*f + 82 = j. What are the prime factors of f?
41
Suppose -4*b - 17 - 5 = -2*f, -5*b - 2*f - 14 = 0. Let u(i) = 42*i**2 - 24*i - 9. What are the prime factors of u(b)?
3, 11, 23
Let h = 7345 - 4013. What are the prime factors of h?
2, 7, 17
Let t(q) = q**3 + 8*q**2 + q + 12. Let r be t(-8). Let g = 207 - r. Let m = g + -92. List the prime factors of m.
3, 37
Let h be (-29740)/(-60) + (-4)/(-3). Suppose -6*y = -5*y + 4*k - h, 0 = -k. What are the prime factors of y?
7, 71
Suppose 152*t = -12*t + 223532. What are the prime factors of t?
29, 47
Let a(x) = 3*x**2 + x - 8. Let u be a(2). Let f be 0 + 0 - (u - 4). List the prime factors of 41*f/(2 + -4).
41
Suppose 4*k - 5642 = -2*i, -46*i + 1393 = k - 42*i. What are the prime factors of k?
3, 157
Let g = -3216 - -6230. Suppose -7*t + 375 - g = 0. Let m = t - -582. List the prime factors of m.
5, 41
Let a = 53803 - 17546. List the prime factors of a.
13, 2789
Let z(t) = 2362*t**2 + 301*t - 300. What are the prime factors of z(1)?
17, 139
Let d(a) = 15*a**3 - 3*a - 8 - 16*a**3 - 12 + 9*a**2. Let x be d(10). Let s = x + 239. What are the prime factors of s?
89
Let t(l) = 523*l + 1386. What are the prime factors of t(32)?
2, 13, 17, 41
What are the prime factors of (-4 - -2168)*(9 + -7)?
2, 541
Let s(c) = -c**2 + 53*c - 257. Let j be s(5). Let t be 34/4 - (-1)/2. Let y = t - j. List the prime factors of y.
2, 13
Let h(o) = -5*o + 40. Suppose -62 = 27*d - 25*d. List the prime factors of h(d).
3, 5, 13
Suppose -69*k + 190638 = -27*k. List the prime factors of k.
3, 17, 89
Let x(o) = -2*o**2 + 8*o + 35. Let y be x(11). Let z = y - -152. What are the prime factors